= 154*o. What are the prime factors of o?
2, 1223
Suppose -29*i - 28*i + 928454 = -38*i. List the prime factors of i.
2, 53, 461
Let d be (-648)/(-6)*2 + (4 - 1). Suppose -104 = d*s - 220*s. List the prime factors of s.
2, 13
Suppose -3*o = 5*j + 4, -j = -0*o + 3*o - 4. Let l(m) = 25 + 22*m**2 - 2*m**2 - 18 + 13*m - 18*m. What are the prime factors of l(o)?
7, 11
Suppose 743*u - 741*u = 27008. List the prime factors of u.
2, 211
Let j = -171 + 182. Suppose 0 = -10*f + j*f - 116. List the prime factors of f.
2, 29
What are the prime factors of (-1 - 34/(-32)) + (27 - 272733/(-48))?
3, 11, 173
Let b(r) = r**3 - 23*r**2 + 14*r - 21. Let o be b(10). Let g = -683 - o. What are the prime factors of g?
2, 3, 83
Let p = 540 - 541. Suppose 2*w + 2*d = 8, 0*w + 4*d = -3*w + 14. List the prime factors of p + -1*(w - 38).
5, 7
Let u(w) = 60*w**2 + 22*w + 12. Let l be u(13). Suppose -16*t - t + l = 0. What are the prime factors of t?
2, 307
Suppose 4*z + 378 + 190 = 0. Let s = 191 + z. What are the prime factors of s?
7
Suppose 0 = 173*l + 12*l + 207*l - 3140312. List the prime factors of l.
8011
Suppose -2*r - 30 = 198. Let f = 338 - r. List the prime factors of f.
2, 113
Suppose 0 = -13946*s + 13942*s + 33532. List the prime factors of s.
83, 101
Let s(r) = 5855*r**3 - r**2 - 23*r + 41. List the prime factors of s(2).
46831
Let m(l) = l**2 - 11*l + 27. Let j be m(8). Suppose 4*w + 5*s + 39 + 1516 = 0, -1152 = j*w - s. Let n = w + 568. What are the prime factors of n?
3, 61
Suppose 581856 + 1162283 = 108*s + 469307. List the prime factors of s.
2, 13, 227
Let y = 825 + -4. Let t = y + -415. What are the prime factors of t?
2, 7, 29
Suppose -40*l + 80*l + 472822 = 47*l. List the prime factors of l.
2, 33773
Let n = -583 - -315. Let y(l) = -l**3 - 59*l**2 - 3*l + 203. Let c be y(-59). Let o = n + c. List the prime factors of o.
2, 7
Suppose 5*n + 1000 = -5*t, 2*t - n + 1000 = -3*t. Let y = 390 + t. List the prime factors of y.
2, 5, 19
Suppose -18*v = -425932 + 140056. What are the prime factors of v?
2, 3, 2647
Let r = -63767 + 89924. What are the prime factors of r?
3, 8719
What are the prime factors of 4/(-42) + (-11645874)/(-756) + 6/4?
2, 7703
Suppose 2608 = 11*u - 3596. Suppose -u = -3*v + 1086. What are the prime factors of v?
2, 5, 11
Let a(u) be the second derivative of 7*u**4/4 - u**3/3 - 41*u**2/2 + 95*u. List the prime factors of a(-7).
2, 3, 167
Suppose -27518 = -12*n + 32662. What are the prime factors of n?
5, 17, 59
Let t(m) = m**2 - 12*m - 4. Let w be t(12). What are the prime factors of (12*w)/(3/9 + -1)?
2, 3
Suppose -k + 4*k - f - 358 = 0, -2*k + f = -239. Suppose 3*z - 3*m = -2*z + k, -z - 5*m = -35. Suppose a + z = 2*a. List the prime factors of a.
5
Let p be -11 - (1*(-4)/4 - 0). Let f be 128/20 - ((-14)/p + -1). What are the prime factors of (f/(-4))/((-3)/130)?
5, 13
Suppose 2*o + 5*q = -1549 + 23589, 3*q = -5*o + 55043. List the prime factors of o.
5, 31, 71
Suppose -18*m - 25014 = -256872. List the prime factors of m.
11, 1171
Let v(i) be the third derivative of 0*i + 59/15*i**5 - 1/8*i**4 + 0 - 1/6*i**3 + 41*i**2. What are the prime factors of v(-1)?
2, 7, 17
Let l(w) = w**3 - 12*w + 17. Let s(i) = 24*i - 16. Let b be s(1). What are the prime factors of l(b)?
433
Suppose -2*y - 5*k + 101 = 0, -5*y + 5*k = -0*y - 235. Let j = y + 189. List the prime factors of j.
3, 79
Let u = -918 + 551. Let l = -60 - u. What are the prime factors of l?
307
Suppose -15*w - 87724 = -28*w. List the prime factors of w.
2, 7, 241
Let h = -1638 - -7572. What are the prime factors of h?
2, 3, 23, 43
Suppose 3*i = -6*x + 3*x - 30, -5*i + 22 = -4*x. Let l be 2*4/x - -6. Suppose -712 = -4*r - 3*u, 0 = -l*r + 4*u + 502 + 388. What are the prime factors of r?
2, 89
List the prime factors of (3752 + 2 + 5)/(24/24).
3, 7, 179
Let v(y) = 3*y + 27. Let t be v(-13). Let i be ((-7)/(-14))/(2/t). List the prime factors of -3*i*(-2)/9 - -94.
2, 23
Let p be (2/(-6))/(-5*(-9)/(-4995)). Let t = p - -81. What are the prime factors of t?
2, 59
Suppose 2*l + 46*s = 42*s + 2392, 0 = 2*l + s - 2410. List the prime factors of l.
2, 151
Suppose -9*p = -3 + 3. Suppose 3*o = 15, 4*z + 4*o = -p*z + 3096. What are the prime factors of z?
769
Let x(j) be the second derivative of -9*j**5/20 + 13*j**4/12 + 13*j**3/6 + j**2/2 + 5*j - 15. What are the prime factors of x(-4)?
733
List the prime factors of (-16)/12*(-93)/8*18.
3, 31
Let o = 1997 + 5882. List the prime factors of o.
7879
Suppose 5*v = 3*y + 129, 2*v - y = 2*y + 57. Let x(k) = 17*k + 6*k - v - 8*k. What are the prime factors of x(8)?
2, 3
Suppose -r = -1837 - 341. Suppose -7*a + 965 = -r. What are the prime factors of a?
449
List the prime factors of (-13 - -16 - 16)/(1/(-3565)).
5, 13, 23, 31
Let m be (-1 + 4)*(-3)/(18/336). Let q = 363 + m. List the prime factors of q.
3, 5, 13
Suppose -2*k = k. Let n = -156 - -109. Let m = k - n. What are the prime factors of m?
47
Let o = -184 + 42. Let t = -200 + o. Let r = -143 - t. What are the prime factors of r?
199
Let k be 4/14 + 1256/14. Let j = -105 + k. What are the prime factors of 3 + -29*5/(j/21)?
2, 103
What are the prime factors of (-51322)/(-6) + (-98)/(-294)?
2, 7, 13, 47
Let l(n) = 11*n**2 + 9*n + 3. Let c(z) = -10*z - 14. Let b be c(-1). List the prime factors of l(b).
11, 13
Let v = -3907 + 15427. What are the prime factors of v?
2, 3, 5
Let a(h) = 13*h**2 - 76*h - 4583. What are the prime factors of a(-58)?
3, 14519
Let o(r) = r**3 - r**2 - 3*r + 5. Let b be o(0). Suppose -9 + 29 = b*n. Let k(u) = 13*u + 1. What are the prime factors of k(n)?
53
Let c(u) = u**3 - 3*u**2 + 3. Let z be c(6). Let t be -3 - (3 - (5/15)/(2/60)). Let j = z - t. List the prime factors of j.
107
Let m(q) be the second derivative of 5*q**4/2 - 17*q. Let v(i) = -i**2. Let h(b) = m(b) + 20*v(b). List the prime factors of h(-5).
2, 5
Let t be ((-15)/(-4))/((-5)/(-60)). Let s be 4 - (-64)/(-12) - (-1000)/12. Suppose s = g - t. What are the prime factors of g?
127
Let t(n) = -28 + 17 + 13 + 8*n. What are the prime factors of t(32)?
2, 3, 43
Let k(l) = 2*l**3 + 3*l**2 - 2. Let n be k(3). Suppose 4*v - 7*b - 26 = -4*b, 3*v = 4*b + 23. Suppose -v*a + 36 = -n. List the prime factors of a.
23
Let s(n) = n**2 + 3*n - 1. Let f be s(-4). Let b be f + -4 + 20/5. Suppose -4*w - 5*p + 124 = 0, p = -b*w - 0*p + 104. What are the prime factors of w?
2, 3
Let l = -40 + 25. Let q be (-3)/l + (-2096)/(-20). Suppose -469 = -7*b - q. List the prime factors of b.
2, 13
Suppose -30*m = 10331 - 4001. Let x = 341 + m. What are the prime factors of x?
2, 5, 13
Suppose -7712 = -2*w - 4*d, 5*d = -18*w + 17*w + 3856. Suppose -5558 = -18*m + w. What are the prime factors of m?
523
Let g = -172 + 177. Suppose x - 2264 = -g*b, b = 2*b - 5*x - 432. What are the prime factors of b?
2, 113
Let s be -9*(-7)/(42/20). List the prime factors of s - 34 - ((1 - 1) + -462).
2, 229
Suppose 0 = 3*p - 3, -3*r - 4*p + 2761 = -4890. What are the prime factors of r?
2549
Let k(i) = -23 + 3*i**3 + 100*i - 8*i**2 - 43*i - 48*i. What are the prime factors of k(7)?
677
Suppose -8*z - 112 = 8*z. List the prime factors of (4/(-3 - z) + 20)*19.
3, 7, 19
Let x(m) = 358*m**2 - 40*m - 141. What are the prime factors of x(-5)?
3, 7, 11, 13
Let j(t) = -34*t**3 + 8*t**2 - 171*t - 1599. What are the prime factors of j(-9)?
2, 3, 4229
Suppose -3819 = -f + 3*n, n = 2*f + 4*n - 7665. What are the prime factors of f?
2, 3, 11, 29
Let y = -638 + 645. Let u be 364/(-6)*(-33)/2. Suppose -y*z = -0*z - u. What are the prime factors of z?
11, 13
Let a(z) = 32*z + 422. What are the prime factors of a(19)?
2, 5, 103
Let j = 37028 + -19826. What are the prime factors of j?
2, 3, 47, 61
Let g = -25 - -27. Let w(u) = 5*u - 4. Let c be w(g). List the prime factors of (c/(-18))/(1236/(-1233) - -1).
137
Let a(l) = 74*l - 16. Let q be a(3). Let k = q - 18. List the prime factors of k.
2, 47
What are the prime factors of (-1072306)/(-22) - 7*(-20)/(-6930)*9?
3, 7, 11, 211
Suppose -21*v = -6*v - 75. Suppose -y + 1571 + 56 = 3*r, v*y = 5*r - 2685. List the prime factors of r.
541
Let i be (22/(-6) - -3)*-9. Suppose -7*t = -i*t + 17. Let v = 32 - t. List the prime factors of v.
7
Suppose t + 1044568 = 51*t + 6*t. What are the prime factors of t?
23, 811
Let n(v) be the